rime factors of t(p)?
5
Let x = 394 + -279. List the prime factors of x.
5, 23
Suppose 5*u = 25, 3*u = 5*j - 0*j - 120. List the prime factors of j.
3
Suppose -11*v - 240 + 999 = 0. What are the prime factors of v?
3, 23
Let n = -8 - -10. What are the prime factors of (-9)/(-2) + (-1)/n?
2
Suppose 2*y = -0*w - 4*w + 186, 2*y - 5*w = 204. What are the prime factors of y?
97
Suppose 0 = 4*g - 4*n - 32, 2*g - 4*n = -0*n + 24. Let c(b) = 5 - 2 + 2*b**2 - 7*b + 1. What are the prime factors of c(g)?
2
Let l(d) = 93*d**2 + d. What are the prime factors of l(-1)?
2, 23
Suppose -4*u = -2 - 18. What are the prime factors of u?
5
Let a(j) = -14*j - 2. List the prime factors of a(-6).
2, 41
Let a be 3/5 + (-21)/(-15). Suppose t = a*t - 15. What are the prime factors of t?
3, 5
Let y(z) = -z**3 - 8*z**2 - 3*z - 11. What are the prime factors of y(-8)?
13
What are the prime factors of ((-18)/45)/((-2)/50)?
2, 5
Let j(w) = w**3 + 4*w**2 - 2*w + 5. Suppose -4*c = -5*c - 4. What are the prime factors of j(c)?
13
Let h be -7*(9/(-3) + 2). Let d = h + -7. Suppose d*p = -4*p + 36. What are the prime factors of p?
3
Suppose -5 = 4*z - 5*z. Suppose -4*g - 2*a + 72 = -6*a, 3*g - z*a = 60. Suppose g = -x + 4*x. List the prime factors of x.
5
Suppose 2*a = -4*n - a + 95, 4*n - 5*a = 119. Suppose 3*q + n = 5*q. List the prime factors of q.
13
Let o(d) be the third derivative of d**4/6 + d**3/6 + d**2. Let q be o(1). Suppose 48 = 4*u + 5*n, 48 = 4*u - 2*n + q*n. List the prime factors of u.
2, 3
Let p(n) = -n**2 + 6*n + 5. Let h be (-4)/3*(-6)/4. Suppose h*y = 4*b + b - 8, -2*y = b - 16. What are the prime factors of p(y)?
5
Let i = -16 - -18. What are the prime factors of i?
2
Suppose 12 = -2*s + 68. What are the prime factors of s?
2, 7
Let n be (-2 - -1)/((-2)/4). Suppose -6*z - y + 113 = -3*z, 0 = n*z + 4*y - 72. What are the prime factors of z?
2, 19
Let l = -3 - -6. Let h = 1 - 1. Suppose 2*q - 13 - l = h. What are the prime factors of q?
2
Suppose 0 = -8*y + 115 + 1349. List the prime factors of y.
3, 61
Suppose -3*c + 37 = 5*i - 0, -4*c - 2*i + 26 = 0. Let z(j) = -5*j - 2 + c*j + 0 + 2*j. What are the prime factors of z(4)?
2
Suppose 83 + 2 = 5*w. List the prime factors of w.
17
Let n(f) = -f**3 - 3*f**2 - f. Let l be n(-3). Suppose 3*o = 3*q + q - 156, -120 = -3*q + l*o. Let s = q + -26. What are the prime factors of s?
2, 5
List the prime factors of (8/(-10))/(14/(-140)).
2
Let u(r) = -r - 1. Let f be u(-4). Suppose 0 = -6*a + f*a + 48. What are the prime factors of a?
2
Let n be 3 + 0 - (1 - 0). Let g = 11 - 5. Suppose -n*s + g = -0*s. What are the prime factors of s?
3
Suppose 3*x - 16 = -5*o - 3, 0 = -3*o - 5*x - 5. Suppose -o*s + 55 + 115 = 0. List the prime factors of s.
2, 17
Let c(j) = -2*j + 1. Let u be c(-2). Suppose u + 19 = n. What are the prime factors of n?
2, 3
Let r = -11 + 23. Suppose 2*q = -2*q + r. List the prime factors of q.
3
List the prime factors of 45 - ((-6)/(-5) - 1/5).
2, 11
Suppose 16 = 4*j - w, -3*j + 4*j - 4 = 5*w. Suppose 4*l - j - 52 = 0. List the prime factors of l.
2, 7
Let t = -3 + 0. Let n(s) = 4 - 6 - 1 - 2*s. What are the prime factors of n(t)?
3
Let u = -15 + 29. Let t be ((-4)/5)/((-6)/15). Suppose t*s + x - u = 0, x - 24 = -5*s + 4*x. List the prime factors of s.
2, 3
Let n(a) = 3*a + 0*a**3 + 4*a**2 + 0 - 1 - a**3 + 4*a. What are the prime factors of n(5)?
3
Let g = 72 + 18. List the prime factors of g.
2, 3, 5
Let p be (-6)/(-12)*(-1 - -1). Suppose p = -0*n + 4*n - 16. List the prime factors of n.
2
Let n(m) = 24*m. List the prime factors of n(2).
2, 3
Let d = -115 + 201. List the prime factors of d.
2, 43
Let b = 0 - 0. Suppose b = 5*k - k - 32. What are the prime factors of k?
2
Let u be (-3)/(-6) - (-123)/2. Suppose -u = -5*l - 17. What are the prime factors of l?
3
Suppose n + 32 = 3*o, o = 6*n - 3*n + 8. List the prime factors of o.
11
Suppose -5*b + 0*b = 3*m - 42, -2*b + 56 = 4*m. Suppose 0 = -4*k - y - 99, -7 = k - y + m. Let j = k + 42. List the prime factors of j.
2, 3
Let h(n) = -n**2 - 6*n + 8. Suppose -11 = -5*s + 9. Let b(v) = -v - 2. Let i be b(s). What are the prime factors of h(i)?
2
Suppose 0 = -4*g - 0*g. Suppose g = -2*s - s. Suppose -q = 3*q + 4*m - 56, s = -q + 2*m + 20. List the prime factors of q.
2
Suppose 10*o = 14*o - 164. What are the prime factors of o?
41
Let z(d) = -d**3 - 6*d**2 - d - 4. Let u be z(-6). Suppose 6*o - 12 = u*o. Suppose 0 = 5*q - 27 - o. List the prime factors of q.
2, 3
Suppose 65 = 4*u - 7. Suppose -t = 5*r - 20, -5*r + u = t - r. List the prime factors of t.
2, 5
Let o be -8 + (11 - 3)/(-4). Let r(f) = -f**2 - 10*f + 13. What are the prime factors of r(o)?
13
Suppose m - 3 = -1. Suppose 8 = 2*v + m*v. Suppose -22 = -2*u + u + 4*s, v*u + s - 17 = 0. What are the prime factors of u?
2, 5
Let l = -16 + 32. Let z(d) = d**2 - 2*d - 1. Let o be z(3). Suppose -o*n - 2*n = -l. List the prime factors of n.
2
Let v = 28 - 14. List the prime factors of (v/(-21))/((-2)/9).
3
Suppose 4*t = -5*h + 163, h = -2*h - 2*t + 97. List the prime factors of h.
31
Suppose -v = -3*v + t + 434, 0 = 3*t - 6. List the prime factors of v.
2, 109
Suppose 4*t - 12 = t. List the prime factors of t.
2
Let y be 5 + -3 + (37 - -1). Let i be 7 + (-20)/5 - (-2 + 3). Suppose i*w + y = 6*w. List the prime factors of w.
2, 5
Let d be 8/12 + (-50)/(-6). Let h = d - 7. Suppose -1 + 23 = h*z. List the prime factors of z.
11
Let w be (-4)/16 + (-434)/(-8). Let q = w - 24. Suppose -h - 2*h = -q. List the prime factors of h.
2, 5
Suppose 431 = 5*j - 164. List the prime factors of j.
7, 17
Suppose -68 = -4*p - 5*d, 5*p - 39 = -5*d + 41. List the prime factors of p.
2, 3
Let m(g) = g**2 + 6*g + 7. Suppose 2 = -w - 3*c, -c = w - 3*w - 11. Let p be m(w). List the prime factors of (-1)/(p/(-8) + 0).
2
Let q be (-2 - -1)/(4/(-16)). Suppose -q*s + 151 = 5*y, 13 = -2*s + y + 92. Suppose -s = -5*a + 41. What are the prime factors of a?
2
Let q be (1 - 2)*(2 + -2). Let z = -2 - -5. Suppose -3*w + 0 + 6 = q, -2*w + 37 = z*p. List the prime factors of p.
11
Suppose -5*n = 5*s - 45, -3*s - 3*n + 4*n + 15 = 0. Let g = 9 - s. List the prime factors of g.
3
Let l(o) be the second derivative of o**5/20 + 5*o**4/6 - 13*o**3/6 - 8*o**2 - o. What are the prime factors of l(-11)?
2, 3
Suppose -141 - 71 = -l. What are the prime factors of l?
2, 53
Suppose 3*w + w = 0. Suppose j + 5 = q, 5*q - 2*j = -w*j + 19. List the prime factors of q.
3
Suppose -3*k - 177 = -2*v + 2*k, 3*v = 3*k + 279. List the prime factors of v.
2, 3
Suppose 21 = 4*k + 1. Suppose -2*t + 4*n - 3*n + 5 = 0, 0 = -5*t + k*n. List the prime factors of t.
5
Let c be (-14)/(-8) + (-1)/(-4). Suppose 0 = -0*m + c*m - 10. List the prime factors of m.
5
Let h(o) = 2*o + 10. Let z be h(-5). Suppose a - 2*a + 24 = z. What are the prime factors of a?
2, 3
Let g(p) be the first derivative of -35*p**4/4 + p**3/3 + p**2/2 - 4. What are the prime factors of g(-1)?
5, 7
Suppose 0*w = 4*w - 160. What are the prime factors of w?
2, 5
List the prime factors of 13/(260/88) - (-4)/(-10).
2
Let i(m) = -3*m - 7. Let s be i(-4). Suppose -2*d - u + 75 = -8, -3*u - 180 = -s*d. What are the prime factors of d?
3, 13
Suppose 5*o - 3*u - 57 = 0, -5*o + 3*u = -o - 48. List the prime factors of o.
3
Suppose 5*h - l - 290 = 3*l, -3*l = 2*h - 93. List the prime factors of h.
2, 3
What are the prime factors of (-38)/(-1) + 3 + -1?
2, 5
Suppose 14 + 0 = -2*a. Let c = a - 17. What are the prime factors of 8/c + (-20)/(-6)?
3
What are the prime factors of 16 + (-2 - -2) + 3?
19
Let u(n) = -3*n + 9. Let q be u(6). Let d(j) = -j + 12. What are the prime factors of d(q)?
3, 7
Let b(r) = r**2 - 10*r - 6. List the prime factors of b(11).
5
Let v(t) = -t**3 + 2*t**2 + 4*t + 2. Let i be v(-2). Suppose u - 3*k = 8, -u + i = 4*k - 5. What are the prime factors of u?
11
Let u = 1 + -1. Suppose -5*y + 76 + 39 = u. List the prime factors of y.
23
Suppose 5*v + 236 = -0*c + 3*c, -v + c = 46. Let p = -25 - v. List the prime factors of p.
2, 3
Let b be ((-12)/(-9) - 1)*15. Suppose 93 = 5*c + 3*q, 0 = 2*c - b*q + 1 - 63. Suppose 3 = 3*r - c. What are the prime factors of r?
2
Suppose 5*g - 261 = 44. What are the prime factors of g?
61
Let w = -598 - -1190. Suppose x - 448 = 5*x - 4*v, 0 = -5*x - 3*v - w. What are